h = -5*h - v - 13, 0 = 3*h - 2*v + 13. Let r = 5 + h. Is 632/12 + r/6 composite?
False
Suppose 3*d - 4*s - 21 = 0, -3*d + 2*s + 49 = 2*d. Suppose -c - 18 = -4*k, 7 = -4*k - 3*c + 33. Suppose -k*b + 13 + d = 2*g, 4*g + 8 = 4*b. Is b prime?
False
Let z(y) = -20*y - 37. Is z(-10) a prime number?
True
Let z(w) = -7941*w + 109. Is z(-4) prime?
True
Let x = -231 + -319. Let b be (13/2)/((-12)/552). Let n = b - x. Is n a composite number?
False
Let p be (-3 - -2)/(1/(-94)). Let z = p - 178. Is ((-6)/4)/(18/z) a prime number?
True
Let h = 15 + -9. Let r = 9 - h. Suppose 0*d - r*d + 1317 = 0. Is d a composite number?
False
Suppose 15*o = 4273 + 5432. Is o a composite number?
False
Let o be ((-14)/8 + 1)/(23/(-92)). Is 3785/(-1 - (-5 + o)) a prime number?
False
Let v(g) = -g**3 - 21*g**2 + 23*g + 26. Let i be v(-22). Suppose c + i*c - 2877 = -3*f, 0 = -4*c - f + 2296. Is c composite?
True
Let n be (20/(-8))/((-3)/(-6)). Let t(q) = q**3 + 5*q**2 - 2*q - 3. Let c be t(n). Suppose 0 = -11*p + 10*p + c. Is p prime?
True
Let r = -42 + 48. Suppose 2*c = 3*b + r*c - 317, -b - c = -107. Is b prime?
False
Let l(n) = -9*n**3 - n**2 + 10*n - 3. Is l(-4) a composite number?
True
Is (15 - (-3403 + -10)) + (-1 - 0) prime?
False
Let x be 20434/(-20)*6 - (-3)/15. Is (-2)/((4/x)/((-2)/(-10))) a prime number?
True
Is (-37)/(-4 - (-7256)/1816) composite?
True
Suppose -28 = -3*t + 2. Let u(m) = m - 22. Let w be u(t). Is w/9*228/(-8) prime?
False
Let p = 48 + -34. Suppose -13*y - 37 = -p*y. Is y a composite number?
False
Suppose 16*x - 19*x + 2493 = 0. Is x a composite number?
True
Suppose -1 = -u - 0*r - 5*r, 4*u - 3*r + 65 = 0. Let a = -10 - u. Suppose 5*n + 3*d - 3682 = 0, 2214 = 3*n + d - a*d. Is n prime?
False
Suppose 5*a - 17 = 13. Let d = -5 + a. Is -2 - (135*d)/(-1) prime?
False
Let x = -11 + -3. Let j(u) = 3*u**2 + 11*u - 15. Is j(x) a composite number?
False
Let m be (332/20 + -3)*20. Suppose 4*k = -0*k - m. Is (k/(-6))/(4/18) a prime number?
False
Let c(t) = -50*t**3 - 5*t**2 + 3*t - 23. Is c(-6) prime?
False
Let v = -12 + 15. Suppose -v*u - 127 = -r - 1746, u + r = 545. Is u a composite number?
False
Let r be 10402/3 + 4*4/(-48). Let h = r - 2430. Is h a composite number?
True
Let z(q) = 1 + 0*q**2 + 6*q**2 + 0*q - 3*q. Suppose -14 = -6*o - 2. Is z(o) a prime number?
True
Let a = -15 + 20. Suppose -v = a*o + 7, 3*v - o = 57 - 14. Let l = v - 3. Is l a composite number?
True
Let l(d) = -d**3 + 10*d**2 - 14*d - 13. Let i be l(8). Is -1*i/(6/(-2014)) a composite number?
True
Let u be 1838/(-6)*-1*15. Let r be u/7 + 40/70. Suppose 8*y - 4*p = 4*y + 612, -4*y - 5*p + r = 0. Is y a composite number?
True
Suppose 7*q - 11805 = 4*q. Is q a prime number?
False
Suppose 3*r + b = 85046, 4*r - 108427 = -2*b + 4967. Is r a prime number?
True
Let s(l) = 2089*l**3 + l. Let f be s(1). Let i be (24/(-10))/(33/f). Let u = 481 + i. Is u composite?
True
Let z = -5 + -44. Is (z/4)/(2*(-4)/32) a composite number?
True
Suppose -v = -0*v + 3, -3*c - 5*v = 0. Let p(b) = -b**3 + 6*b**2 - 6*b + 3. Let s be p(c). Let r(q) = 84*q**2 - q + 1. Is r(s) prime?
False
Let j(x) = 7*x**2 + 47*x + 45. Is j(-52) a prime number?
True
Let o(c) = -3141*c**3 - 3*c - 1. Is o(-2) a composite number?
True
Suppose 3*d + 2*a - 50153 = 0, -15*d + 14*d - 2*a = -16711. Is d a composite number?
True
Let r be ((-504)/10)/(5 - 1218/240). Let t = 1507 + r. Is t a composite number?
False
Let y be (-8)/3*1*(-9)/12. Suppose -y*i = 53 - 2563. Is i composite?
True
Is 3*((-76566)/(-18))/7 - -6 prime?
False
Let t(v) = 3 + 50*v**2 + 184*v**2 - 4. Let a be -1 + 2 + -2 + 6/3. Is t(a) prime?
True
Suppose 0 = 2*k - 4, 37262 = 5*f - 4*k. Is f prime?
False
Let t(a) = a**2 - 2*a + 8 + 7 + 12 - 18. Suppose -20 = 5*b - 4*c, 4*b + 3*c + 7 = 5*b. Is t(b) a prime number?
True
Suppose -11 = -4*j + 1, -5*n - 2*j + 5911 = 0. Is n prime?
True
Suppose 3*s - 5730 = s. Suppose -41*n + 36*n + s = 0. Is n composite?
True
Let r(p) = 8*p**2 - 14*p + 6. Let d be r(9). Suppose d = 2*s + s. Let k = 325 - s. Is k composite?
False
Suppose 19*x = 28*x + 6327. Let z = x + 2085. Is z composite?
True
Let b(q) = -39*q**2 + 14*q + 13. Let x(g) = 40*g**2 - 15*g - 14. Let d(c) = -6*b(c) - 5*x(c). Is d(5) a composite number?
False
Let q(s) = 31*s**2 + 2*s - 1. Is q(10) a composite number?
False
Let q be (-89)/(6/9*6/(-4)). Suppose 4*v - 3*v + 2*h - q = 0, -3*h = -4*v + 334. Is v prime?
False
Suppose 0 = -4*d + 3*t + 18, 9*t - 38 = -5*d + 5*t. Is 14076/d + 6 + -1 a prime number?
True
Let j(u) = -136*u + 229. Is j(-45) a prime number?
False
Let x(l) = -l**2 + 8*l - 9. Let b = -15 - -20. Is x(b) a composite number?
True
Let f = 16879 - 8812. Is f a composite number?
True
Suppose 3 = 3*s - 3. Suppose 4*q - 3*m = 13, 0*q = -s*q + m + 5. Is q/5 - 368/(-10) composite?
False
Let b = 10142 + 1617. Is b composite?
True
Let r be -2 - 0/(-1 + 4). Is 1 + (2/(-4) - r)*24 a composite number?
False
Let q(l) = -4972*l + 11. Is q(-14) composite?
True
Suppose 2*x - 336 - 272 = 0. Let k be 26/(-65) + x/10. Let j = 97 - k. Is j prime?
True
Let u = 7 - 10. Let p(j) = -436*j + 7. Is p(u) prime?
False
Let k = -16543 - -25484. Is k a composite number?
False
Let b = 44 + -30. Let m(z) = 9*z**2 - 17*z + 3. Is m(b) a composite number?
True
Suppose 4*m + 14 + 2 = 0. Is (-5 + 2)*764/m*1 prime?
False
Suppose -4*t - 2*a + 18244 = 0, -8*t + 3*t - 5*a + 22800 = 0. Is t a prime number?
False
Let y = -14 - -11. Let v = y + 20. Let c(n) = 4*n**2 - 11*n + 8. Is c(v) composite?
False
Let s = -40383 - -58090. Is s composite?
False
Let g be (-6 + 4 + -3)*4/(-5). Suppose -8*l + 2084 = -g*l. Is l prime?
True
Suppose 17*a + 30287 = -2115. Is (2/(-6))/(a/(-318) + -6) composite?
False
Suppose -3*t - 2*q + 19 = -8*t, 3*t - 3*q + 15 = 0. Let k be (28/(-8) + t)*2. Let x = 26 + k. Is x prime?
True
Let y be (-1)/4 + (-24)/32. Let j(a) = -829*a. Let c be j(y). Suppose -2*r = -s - 59 - 368, 4*r + 3*s - c = 0. Is r a composite number?
False
Suppose 15610 = 10*y - 27660. Is y a composite number?
False
Let v(b) = 10*b**3 - b**2 - b + 1. Let a(z) = -z**2 + 2*z + 4. Let y be a(3). Let i be v(y). Is (-3)/i*(2 + -59) composite?
False
Suppose 7*j - 8*j + 11031 = k, 0 = -k + 3*j + 11015. Is k composite?
False
Let c = 25 - 21. Let a = c - 1. Suppose -a*s - s = -2*n - 510, 5*s - 636 = n. Is s a composite number?
False
Suppose 0 = o - 2*w - 10672 + 145, -o + 10522 = -w. Is o a composite number?
True
Let g(y) = -y**3 + y - 1. Let t(a) = -14*a**3 + 5*a**2 - 8*a + 3. Let l(n) = -g(n) - t(n). Is l(3) a composite number?
False
Let b be (2/(-2))/(5 - 6). Suppose b + 15 = -4*t. Let y = 130 - t. Is y a composite number?
True
Suppose -65 = -4*i - 1513. Let r = 19 - i. Suppose 3*g + 0*g = r. Is g composite?
False
Let t = -11529 - -29548. Is t a composite number?
True
Is 12205 - (1 - -3) - 4 prime?
True
Let w(k) = -3*k**3 - 7*k**2 - k - 2. Let x(z) = -4*z**3 - 6*z**2 - 2*z - 3. Let i(s) = 5*w(s) - 4*x(s). Is i(13) composite?
False
Suppose 2*p = -4*p + 33078. Is p prime?
False
Let i(t) be the third derivative of -17*t**4/8 - 4*t**3 - 7*t**2. Is i(-11) prime?
False
Let d(x) be the first derivative of 4*x**3 + x**2 - 3*x + 3. Let s(q) = -2*q + 1. Let l be s(-2). Is d(l) a composite number?
False
Suppose 7 = g - 0*j + 4*j, -2 = j. Suppose -5*m = -35 - g. Suppose 8*h + 494 = m*h. Is h a composite number?
True
Let v = 1090 - -192. Suppose y - 3*s - v = 0, -y + 4*s + s = -1282. Is (-4)/6 + y/6 a composite number?
True
Let x be 2/(-4)*(2 + -812). Suppose -x - 1835 = -4*v. Suppose 557 = 4*r - b, 0*r = 4*r - 4*b - v. Is r a composite number?
False
Let s = -73567 + 111518. Is s prime?
True
Let y(o) = -397*o + 142. Is y(-7) prime?
False
Let f(y) = 12*y - 26. Let r be f(7). Let v = r - 52. Is v a prime number?
False
Let d(o) be the second derivative of o**7/42 + o**6/720 - o**4/6 + o. Let x(q) be the third derivative of d(q). Is x(-1) a composite number?
False
Suppose 3*i = 3*o - 5*o - 18743, 0 = 3*i + 5*o + 18755. Let d = i + 10234. Is d prime?
True
Suppose 2*w + 4*w = 12438. Suppose 4*i = 1003 + w. Is i a composite number?
False
Let u(r) = -r**2 - 15*r - 3. Suppose -4*g = w - 0*w - 14, 5*w - 2*g - 4 = 0. Suppose w*t + n = -0*n - 23, 3*n = t + 1. Is u(t) composite?
False
Let i(n) be the second derivative of 3*n**5/20 - 2*n**4/3 - 3*n**3/2 + 